{"id":13,"date":"2019-07-13T17:40:13","date_gmt":"2019-07-13T17:40:13","guid":{"rendered":"http:\/\/itechlang.ca\/test\/?page_id=13"},"modified":"2024-12-08T16:59:16","modified_gmt":"2024-12-08T20:59:16","slug":"cours-de-francais-langue-seconde-ou-etrangere","status":"publish","type":"page","link":"https:\/\/itechlang.ca\/services-langagiers\/fr\/cours-de-francais-langue-seconde-ou-etrangere\/","title":{"rendered":"Cours de fran\u00e7ais langue seconde ou \u00e9trang\u00e8re"},"content":{"rendered":"\n<p>Les services offerts comprennent, entre autres :<\/p>\n\n\n\n<ul class=\"wp-block-list list-curve-arrow\">\n<li>Cours de<strong> pr\u00e9paration \u00e0 l&#8217;examen de fran\u00e7ais de l\u2019OQLF<\/strong> pour tous les ordres professionnels<br>(ex. : apprentissage de la terminologie li\u00e9e au domaine professionnel, cas professionnels, etc.).<br>Vous trouverez toutes les informations relatives \u00e0 l&#8217;examen de l&#8217;OQLF \u00e0 l\u2019adresse suivante : <a href=\"https:\/\/www.oqlf.gouv.qc.ca\/francisation\/ordres_prof\/ordres.html\" target=\"_blank\" rel=\"noopener\" title=\"\">https:\/\/www.oqlf.gouv.qc.ca\/francisation\/ordres_prof\/ordres.html<\/a><\/li>\n\n\n\n<li>Cours pour <strong>tous les niveaux<\/strong> (du niveau vrai d\u00e9butant \u00e0 tr\u00e8s avanc\u00e9).<\/li>\n\n\n\n<li>Cours <strong>sur mesure<\/strong>, c&#8217;est \u00e0 dire personnalis\u00e9s en fonction des besoins (professionnels ou personnels) et tenant compte des connaissances d\u00e9j\u00e0 acquises.<\/li>\n\n\n\n<li>Cours de <strong>conversation<\/strong> ciblant les besoins (professionnels ou personnels), offerts en priv\u00e9 (une personne), en semi-priv\u00e9 (deux personnes) ou en petits groupes (de trois \u00e0 six personnes).<\/li>\n\n\n\n<li>Cours de <strong>r\u00e9vision grammaticale<\/strong> ax\u00e9s sur des besoins sp\u00e9cifiques (consolidation de connaissances, difficult\u00e9s particuli\u00e8res, am\u00e9lioration du fran\u00e7ais \u00e9crit, etc.).<\/li>\n\n\n\n<li>Cours offrant de la <strong>correction dirig\u00e9e<\/strong> pour les professionnel(le)s en activit\u00e9 qui souhaitent am\u00e9liorer leur fran\u00e7ais \u00e9crit gr\u00e2ce \u00e0 de la r\u00e9troaction corrective de leurs propres documents \u00e9crits (rapports, courriels, etc.).<\/li>\n\n\n\n<li><strong>Tutorat ou s\u00e9ances de soutien<\/strong> <strong>\u00e0 l\u2019autoapprentissage<\/strong> pour apprenant(e) du fran\u00e7ais langue \u00e9trang\u00e8re ayant besoin d\u2019accompagnement dans son cheminement d\u2019apprentissage (ex.&nbsp;: retour sur des exercices de grammaire, explications de notions de grammaire, exercices pratiques de prononciation, exercices de lecture, etc.)<\/li>\n<\/ul>\n\n\n\n<p><\/p>\n\n\n\n<div style=\"padding-top: 20px;\"><a class=\"btn\" href=\"\/services-langagiers\/fr\/francais-langue-seconde-ou-etrangere-demande-de-renseignements\">Me contacter<\/a><\/div>\n","protected":false},"excerpt":{"rendered":"<p>Les services offerts comprennent, entre autres : Me contacter<\/p>\n","protected":false},"author":2,"featured_media":0,"parent":0,"menu_order":0,"comment_status":"closed","ping_status":"closed","template":"page-templates\/page-full-width.php","meta":{"_monsterinsights_skip_tracking":false,"_monsterinsights_sitenote_active":false,"_monsterinsights_sitenote_note":"","_monsterinsights_sitenote_category":0,"footnotes":""},"class_list":["post-13","page","type-page","status-publish","hentry"],"_links":{"self":[{"href":"https:\/\/itechlang.ca\/services-langagiers\/fr\/wp-json\/wp\/v2\/pages\/13","targetHints":{"allow":["GET"]}}],"collection":[{"href":"https:\/\/itechlang.ca\/services-langagiers\/fr\/wp-json\/wp\/v2\/pages"}],"about":[{"href":"https:\/\/itechlang.ca\/services-langagiers\/fr\/wp-json\/wp\/v2\/types\/page"}],"author":[{"embeddable":true,"href":"https:\/\/itechlang.ca\/services-langagiers\/fr\/wp-json\/wp\/v2\/users\/2"}],"replies":[{"embeddable":true,"href":"https:\/\/itechlang.ca\/services-langagiers\/fr\/wp-json\/wp\/v2\/comments?post=13"}],"version-history":[{"count":65,"href":"https:\/\/itechlang.ca\/services-langagiers\/fr\/wp-json\/wp\/v2\/pages\/13\/revisions"}],"predecessor-version":[{"id":1781,"href":"https:\/\/itechlang.ca\/services-langagiers\/fr\/wp-json\/wp\/v2\/pages\/13\/revisions\/1781"}],"wp:attachment":[{"href":"https:\/\/itechlang.ca\/services-langagiers\/fr\/wp-json\/wp\/v2\/media?parent=13"}],"curies":[{"name":"wp","href":"https:\/\/api.w.org\/{rel}","templated":true}]}}

Cours de français langue seconde ou étrangère

<p>Les services offerts comprennent, entre autres :</p>



<ul class="wp-block-list list-curve-arrow">
<li>Cours de<strong> préparation à l&#8217;examen de français de l’OQLF</strong> pour tous les ordres professionnels<br>(ex. : apprentissage de la terminologie liée au domaine professionnel, cas professionnels, etc.).<br>Vous trouverez toutes les informations relatives à l&#8217;examen de l&#8217;OQLF à l’adresse suivante : <a href="https://www.oqlf.gouv.qc.ca/francisation/ordres_prof/ordres.html" target="_blank" rel="noopener" title="">https://www.oqlf.gouv.qc.ca/francisation/ordres_prof/ordres.html</a></li>



<li>Cours pour <strong>tous les niveaux</strong> (du niveau vrai débutant à très avancé).</li>



<li>Cours <strong>sur mesure</strong>, c&#8217;est à dire personnalisés en fonction des besoins (professionnels ou personnels) et tenant compte des connaissances déjà acquises.</li>



<li>Cours de <strong>conversation</strong> ciblant les besoins (professionnels ou personnels), offerts en privé (une personne), en semi-privé (deux personnes) ou en petits groupes (de trois à six personnes).</li>



<li>Cours de <strong>révision grammaticale</strong> axés sur des besoins spécifiques (consolidation de connaissances, difficultés particulières, amélioration du français écrit, etc.).</li>



<li>Cours offrant de la <strong>correction dirigée</strong> pour les professionnel(le)s en activité qui souhaitent améliorer leur français écrit grâce à de la rétroaction corrective de leurs propres documents écrits (rapports, courriels, etc.).</li>



<li><strong>Tutorat ou séances de soutien</strong> <strong>à l’autoapprentissage</strong> pour apprenant(e) du français langue étrangère ayant besoin d’accompagnement dans son cheminement d’apprentissage (ex.&nbsp;: retour sur des exercices de grammaire, explications de notions de grammaire, exercices pratiques de prononciation, exercices de lecture, etc.)</li>
</ul>



<p></p>



<div style="padding-top: 20px;"><a class="btn" href="/services-langagiers/fr/francais-langue-seconde-ou-etrangere-demande-de-renseignements">Me contacter</a></div>
