{"id":462,"date":"2019-07-23T00:51:42","date_gmt":"2019-07-23T00:51:42","guid":{"rendered":"https:\/\/itechlang.ca\/services-langagiers\/?page_id=462"},"modified":"2025-02-12T20:36:20","modified_gmt":"2025-02-13T00:36:20","slug":"about-me-french-teacher-and-tutor","status":"publish","type":"page","link":"https:\/\/itechlang.ca\/services-langagiers\/about-me-french-teacher-and-tutor\/","title":{"rendered":"About me"},"content":{"rendered":"\n<div class=\"wp-block-image\"><figure class=\"alignright hidden-xs\" style=\"width: 12%; padding-top: 46px\"><img decoding=\"async\" src=\"https:\/\/itechlang.ca\/services-langagiers\/wp-content\/uploads\/2020\/12\/DSC03033-Copy-original-crop-hd-1.jpg.webp\" alt=\"French teacher and tutor | V\u00e9ronique Lebreton | French as a second and foreign language courses, tutoring and homework help\" class=\"wp-image-203\"><\/figure><\/div>\n\n\n\n<h4 class=\"custom-text-box-line\">&nbsp;<i class=\"fa-solid fa-book-open\"><\/i>&nbsp;&nbsp;Origin, education and professional experience<\/h4>\n\n\n\n<ul class=\"wp-block-list list-curve-arrow\">\n<li>Born in France, arrived in Canada in 2000<\/li>\n\n\n\n<li>Bachelor of Arts degree (major in translation and minor in English studies) from Universit\u00e9 de Montr\u00e9al<\/li>\n\n\n\n<li>Teacher of French as a second or foreign language and for the International Language Institute (N. S.), Universit\u00e9 Sainte-Anne (N. S.) and ITechlang inc.<\/li>\n\n\n\n<li>Francization teacher for ITechlang inc.<\/li>\n\n\n\n<li>Corrector of the French writing exam, French as a language of instruction, Secondary 5, for the Minist\u00e8re de l&#8217;\u00c9ducation et de l&#8217;Enseignement sup\u00e9rieur du Qu\u00e9bec (Quebec Ministry of Education and Higher Education)<\/li>\n\n\n\n<li>French teacher in the secondary school youth sector for CSSMI<\/li>\n\n\n\n<li>Tutoring and homework help in French for secondary school youth for ITechlang inc.<\/li>\n\n\n\n<li>Proofreader, reviser and translator for ITechlang inc.<\/li>\n<\/ul>\n\n\n\n<h4 class=\"custom-text-box-line\">&nbsp;<i class=\"fa-solid fa-book-open\"><\/i>&nbsp;&nbsp;Professional strengths and skills<\/h4>\n\n\n\n<ul class=\"wp-block-list list-curve-arrow\">\n<li>18 years of experience teaching French as a second or foreign language and francization with a variety of clients<\/li>\n\n\n\n<li>15 years of online teaching experience<\/li>\n\n\n\n<li>Several years of experience correcting the French writing exam, Secondary V (Grade 11), MEES<\/li>\n\n\n\n<li>Excellent knowledge of the French language<\/li>\n\n\n\n<li>Passionate about teaching French<\/li>\n\n\n\n<li>Empathetic, patient and creative<\/li>\n<\/ul>\n\n\n\n<p><\/p><br\/><a class=\"btn\" href=\"https:\/\/itechlang.ca\/services-langagiers\/contact-me\">Contact me<\/a>\n","protected":false},"excerpt":{"rendered":"<p>&nbsp;&nbsp;&nbsp;Origin, education and professional experience &nbsp;&nbsp;&nbsp;Professional strengths and skills Contact me<\/p>\n","protected":false},"author":2,"featured_media":0,"parent":0,"menu_order":0,"comment_status":"closed","ping_status":"open","template":"page-templates\/page-full-width.php","meta":{"_monsterinsights_skip_tracking":false,"_monsterinsights_sitenote_active":false,"_monsterinsights_sitenote_note":"","_monsterinsights_sitenote_category":0,"footnotes":""},"class_list":["post-462","page","type-page","status-publish","hentry"],"_links":{"self":[{"href":"https:\/\/itechlang.ca\/services-langagiers\/wp-json\/wp\/v2\/pages\/462","targetHints":{"allow":["GET"]}}],"collection":[{"href":"https:\/\/itechlang.ca\/services-langagiers\/wp-json\/wp\/v2\/pages"}],"about":[{"href":"https:\/\/itechlang.ca\/services-langagiers\/wp-json\/wp\/v2\/types\/page"}],"author":[{"embeddable":true,"href":"https:\/\/itechlang.ca\/services-langagiers\/wp-json\/wp\/v2\/users\/2"}],"replies":[{"embeddable":true,"href":"https:\/\/itechlang.ca\/services-langagiers\/wp-json\/wp\/v2\/comments?post=462"}],"version-history":[{"count":66,"href":"https:\/\/itechlang.ca\/services-langagiers\/wp-json\/wp\/v2\/pages\/462\/revisions"}],"predecessor-version":[{"id":1898,"href":"https:\/\/itechlang.ca\/services-langagiers\/wp-json\/wp\/v2\/pages\/462\/revisions\/1898"}],"wp:attachment":[{"href":"https:\/\/itechlang.ca\/services-langagiers\/wp-json\/wp\/v2\/media?parent=462"}],"curies":[{"name":"wp","href":"https:\/\/api.w.org\/{rel}","templated":true}]}}